e the prime factors of 46394636?
2, 113, 102643
List the prime factors of 6532910142.
2, 3, 11, 3257, 30391
List the prime factors of 96333470.
2, 5, 131, 151, 487
List the prime factors of 7011557394.
2, 3, 1168592899
What are the prime factors of 22130870?
2, 5, 181, 12227
List the prime factors of 4688563259.
4688563259
What are the prime factors of 2261498525?
5, 11, 13, 17, 127, 293
List the prime factors of 236605232.
2, 23, 37, 17377
List the prime factors of 459287365.
5, 91857473
List the prime factors of 1103240748.
2, 3, 91936729
What are the prime factors of 1660994028?
2, 3, 137, 307, 1097
What are the prime factors of 204155162?
2, 167, 223, 2741
What are the prime factors of 49865702?
2, 23, 743, 1459
What are the prime factors of 473600516?
2, 31, 1063, 3593
What are the prime factors of 59597308?
2, 17, 876431
List the prime factors of 1215862658.
2, 607931329
What are the prime factors of 2292916675?
5, 7, 19, 689599
What are the prime factors of 40128458?
2, 20064229
List the prime factors of 1628421213.
3, 542807071
What are the prime factors of 1698355502?
2, 849177751
List the prime factors of 31817475.
3, 5, 47137
What are the prime factors of 21532179?
3, 7177393
What are the prime factors of 898789839?
3, 299596613
List the prime factors of 51907108.
2, 11, 79, 109, 137
What are the prime factors of 364454848?
2, 31, 183697
What are the prime factors of 64792410?
2, 3, 5, 199, 10853
What are the prime factors of 282484212?
2, 3, 59, 398989
What are the prime factors of 1104475607?
47, 1933, 12157
List the prime factors of 902196797.
359, 2513083
What are the prime factors of 12248017?
12248017
What are the prime factors of 1761177298?
2, 19, 23, 1091, 1847
What are the prime factors of 863400398?
2, 7, 61671457
List the prime factors of 45347554.
2, 7, 149, 21739
List the prime factors of 805726912.
2, 12589483
What are the prime factors of 969390802?
2, 3571, 135731
List the prime factors of 116097193.
116097193
List the prime factors of 7853555.
5, 19, 229
List the prime factors of 34205473.
1777, 19249
What are the prime factors of 226533908?
2, 17, 3331381
What are the prime factors of 12010114?
2, 383, 15679
What are the prime factors of 4120631427?
3, 11, 569, 219451
List the prime factors of 67849682.
2, 397, 85453
What are the prime factors of 2601174230?
2, 5, 260117423
What are the prime factors of 801636549?
3, 7, 23, 72161
What are the prime factors of 95524369?
73, 1063, 1231
What are the prime factors of 5384685?
3, 5, 358979
List the prime factors of 1493287668.
2, 3, 41480213
List the prime factors of 240658349.
4463, 53923
List the prime factors of 1656016920.
2, 3, 5, 17, 90197
List the prime factors of 200957869.
7, 585883
List the prime factors of 57570827.
257, 224011
List the prime factors of 81988452.
2, 3, 7, 13, 29, 863
List the prime factors of 4989156197.
4989156197
What are the prime factors of 107088730?
2, 5, 7, 37, 173, 239
List the prime factors of 407459449.
233, 311, 5623
List the prime factors of 322305571.
7, 46043653
What are the prime factors of 24956288?
2, 7, 23, 173
List the prime factors of 15293316.
2, 3, 467, 2729
What are the prime factors of 118406454?
2, 3, 19734409
What are the prime factors of 47927191?
13, 109, 149, 227
List the prime factors of 2175531581.
223, 2999, 3253
What are the prime factors of 641449943?
547, 613, 1913
List the prime factors of 2101173645.
3, 5, 31, 71, 2053
What are the prime factors of 6358641080?
2, 5, 11, 19, 53, 113, 127
List the prime factors of 1216731546.
2, 3, 67596197
List the prime factors of 798035241.
3, 1327, 200461
List the prime factors of 6044406142.
2, 29, 47, 2217317
List the prime factors of 184193530.
2, 5, 1091, 16883
List the prime factors of 69303661.
7, 67, 147769
List the prime factors of 2717177806.
2, 7, 37, 83, 63199
What are the prime factors of 190157340?
2, 3, 5, 3169289
What are the prime factors of 1403877052?
2, 350969263
What are the prime factors of 131307559?
79, 1662121
What are the prime factors of 639769152?
2, 3, 11, 302921
What are the prime factors of 1169913169?
43, 4973, 5471
List the prime factors of 193699660.
2, 5, 7, 11, 73, 1723
List the prime factors of 107327044.
2, 11, 101, 24151
List the prime factors of 5557924195.
5, 59, 151, 124771
What are the prime factors of 57611514?
2, 3, 109, 137, 643
What are the prime factors of 402546248?
2, 13, 103, 37579
List the prime factors of 525922758.
2, 3, 349, 83719
List the prime factors of 1215009726.
2, 3, 7, 28928803
What are the prime factors of 116923913?
3767, 31039
What are the prime factors of 18615717?
3, 23, 31, 967
List the prime factors of 4644204401.
1489, 3119009
List the prime factors of 3072463348.
2, 29, 43, 615971
What are the prime factors of 121837273?
121837273
List the prime factors of 153448120.
2, 5, 7, 17, 32237
What are the prime factors of 1370648?
2, 73, 2347
What are the prime factors of 118236250?
2, 5, 11, 8599
List the prime factors of 144443525.
5, 1301, 4441
What are the prime factors of 226106417?
29, 601, 12973
What are the prime factors of 115938967?
353, 328439
What are the prime factors of 167011707?
3, 257, 216617
What are the prime factors of 1679120027?
13, 41, 3150319
List the prime factors of 28287505.
5, 1997, 2833
List the prime factors of 240300807.
3, 80100269
List the prime factors of 166886132.
2, 7, 37, 161087
List the prime factors of 91691232.
2, 3, 619, 1543
What are the prime factors of 30481081?
37, 41, 71, 283
List the prime factors of 291848960.
2, 5, 13, 17539
List the prime factors of 86518165.
5, 29, 173, 3449
List the prime factors of 353401671.
3, 7, 2404093
What are the prime factors of 41177772?
2, 3, 757, 1511
What are the prime factors of 1062628816?
2, 41, 1619861
List the prime factors of 810656610.
2, 3, 5, 107, 252541
What are the prime factors of 5701123?
5701123
What are the prime factors of 609301182?
2, 3, 7, 17, 121909
What are the prime factors of 31776121?
13, 71, 173, 199
List the prime factors of 1656309681.
3, 13, 362987
List the prime factors of 130409078.
2, 199, 327661
List the prime factors of 280634619.
3, 131, 241, 2963
What are the prime factors of 182822432?
2, 13, 79, 5563
List the prime factors of 1709834059.
109, 15686551
What are the prime factors of 23825258?
2, 61, 179, 1091
What are the prime factors of 54797987?
17, 31, 103981
List the prime factors of 1572685674.
2, 3, 7, 17, 23, 13681
List the prime factors of 87236501.
11, 7930591
What are the prime factors of 19804183?
7, 404167
What are the prime factors of 3915159168?
2, 3, 10195727
List the prime factors of 88937162.
2, 1187, 37463
List the prime factors of 26133232.
2, 197, 8291
List the prime factors of 1383651892.
2, 7, 31, 229, 6961
List the prime factors of 4929434072.
2, 47, 3583, 3659
List the prime factors of 293636971.
17, 197, 87679
List the prime factors of 711432217.
223, 883, 3613
List the prime factors of 1631490685.
5, 11, 29663467
List the prime factors of 2628142815.
3, 5, 587, 298483
What are the prime factors of 129208050?
2, 3, 5, 29, 9901
List the prime factors of 631529162.
2, 11, 3547, 8093
What are the prime factors of 160888868?
2, 7, 29, 198139
What are the prime factors of 2262847874?
2, 7, 5431, 29761
List the prime factors of 567615040.
2, 5, 17, 151, 691
List the prime factors of 1537506746.
2, 29, 373, 71069
What are the prime factors of 499077231?
3, 757, 219761
What are the prime factors of 289022177?
991, 291647
List the prime factors of 341001541.
341001541
What are the prime factors of 189383025?
3, 5, 13, 194239
List the prime factors of 175324200.
2, 3, 5, 41, 7127
What are the prime factors of 134755093?
11, 12250463
What are the prime factors of 467745528?
2, 3, 251, 77647
What are the prime factors of 6127558001?
113, 54226177
What are the prime factors of 325660425?
3, 5, 31, 140069
List the prime factors of 2323569337.
19, 101, 811, 1493
What are the prime factors of 2385492961?
2385492961
List the prime factors of 68653103.
68653103
List the prime factors of 63134213.
63134213
What are the prime factors of 70458392?
2, 1327, 6637
List the prime factors of 73799856.
2, 3, 13, 17, 773
List the prime factors of 81057706.
2, 151, 268403
List the prime fac